rime factors of 36672172?
2, 9168043
What are the prime factors of 1159946076?
2, 3, 67, 823, 1753
What are the prime factors of 472109549?
19, 24847871
What are the prime factors of 5226811379?
43, 149, 347, 2351
List the prime factors of 11866026.
2, 3, 193, 10247
What are the prime factors of 30602757?
3, 10200919
What are the prime factors of 704599604?
2, 67, 2629103
What are the prime factors of 6450097665?
3, 5, 11, 3851, 10151
List the prime factors of 251712132.
2, 3, 7, 17, 359, 491
List the prime factors of 170327229.
3, 19, 283, 10559
List the prime factors of 4418761.
89, 131, 379
List the prime factors of 741405671.
741405671
List the prime factors of 2242024839.
3, 59, 469141
What are the prime factors of 1420269203?
1420269203
List the prime factors of 3096290388.
2, 3, 19, 37, 367033
What are the prime factors of 278196288?
2, 3, 79, 18341
List the prime factors of 4595273590.
2, 5, 29, 15845771
List the prime factors of 6148926.
2, 3, 7, 16267
List the prime factors of 344091441.
3, 17, 113, 59707
List the prime factors of 17757124.
2, 7, 11, 57653
What are the prime factors of 237726359?
13, 53, 83, 4157
What are the prime factors of 169468699?
17, 47, 113, 1877
What are the prime factors of 102171252?
2, 3, 1237, 6883
What are the prime factors of 173015287?
1439, 120233
List the prime factors of 30150092.
2, 7, 199, 773
List the prime factors of 28271862.
2, 3, 523553
What are the prime factors of 2248614?
2, 3, 41641
What are the prime factors of 1337506?
2, 73, 9161
List the prime factors of 2397058576.
2, 11, 13619651
What are the prime factors of 70732950?
2, 3, 5, 471553
What are the prime factors of 1050951727?
7, 71, 73, 83, 349
What are the prime factors of 4769836563?
3, 163, 9754267
List the prime factors of 3102535.
5, 620507
What are the prime factors of 25678214?
2, 12839107
What are the prime factors of 22510274?
2, 47, 101, 2371
What are the prime factors of 55269633?
3, 18423211
What are the prime factors of 945348464?
2, 43, 1374053
List the prime factors of 19848607.
61, 107, 3041
What are the prime factors of 1179869811?
3, 47, 263, 31817
List the prime factors of 95384168.
2, 11, 1083911
List the prime factors of 81098952.
2, 3, 11, 277, 1109
What are the prime factors of 147925347?
3, 17, 67, 43291
What are the prime factors of 529405208?
2, 19, 29, 83, 1447
List the prime factors of 2223471673.
29, 37, 2072201
What are the prime factors of 1965179784?
2, 3, 233, 351427
What are the prime factors of 4593666992?
2, 137, 2095651
What are the prime factors of 673044017?
107, 1031, 6101
What are the prime factors of 1719418727?
13, 149, 887671
List the prime factors of 57674676.
2, 3, 17, 269, 1051
What are the prime factors of 154448839?
683, 226133
What are the prime factors of 12947471?
12947471
List the prime factors of 811201961.
811201961
What are the prime factors of 700977103?
700977103
What are the prime factors of 109787606?
2, 101, 543503
What are the prime factors of 595550195?
5, 119110039
What are the prime factors of 2130999543?
3, 78925909
What are the prime factors of 6855412269?
3, 23, 101, 983701
What are the prime factors of 76553645?
5, 7, 2187247
List the prime factors of 120719061.
3, 61, 219889
List the prime factors of 196861363.
73, 2696731
What are the prime factors of 4787867865?
3, 5, 11, 41, 83, 8527
What are the prime factors of 324463095?
3, 5, 11, 19, 34499
List the prime factors of 3302681025.
3, 5, 7, 6290821
List the prime factors of 332235911.
7, 5273, 9001
What are the prime factors of 344740930?
2, 5, 34474093
What are the prime factors of 206075938?
2, 17, 19, 71, 4493
List the prime factors of 120908950.
2, 5, 1217, 1987
List the prime factors of 1601145476.
2, 7, 17, 53, 63467
List the prime factors of 4757871632.
2, 23, 12928999
What are the prime factors of 1346453131?
1346453131
What are the prime factors of 45994264?
2, 5749283
List the prime factors of 52338094.
2, 109, 409, 587
List the prime factors of 316070198.
2, 59, 571, 4691
What are the prime factors of 51793113?
3, 43, 179, 2243
What are the prime factors of 72401762?
2, 79, 458239
List the prime factors of 178881675.
3, 5, 7, 19, 79, 227
List the prime factors of 88666775.
5, 29, 122299
List the prime factors of 234167097.
3, 233, 521, 643
List the prime factors of 2114507727.
3, 5903, 13267
What are the prime factors of 20481137?
113, 211, 859
What are the prime factors of 39591743?
31, 109, 11717
List the prime factors of 1863301782.
2, 3, 1777, 174761
What are the prime factors of 543396555?
3, 5, 13, 928883
What are the prime factors of 482944724?
2, 173, 697897
What are the prime factors of 1708250375?
5, 13, 491, 2141
What are the prime factors of 46001631?
3, 13, 41, 2213
List the prime factors of 199445522.
2, 99722761
List the prime factors of 152007999.
3, 11, 13, 17, 19, 1097
What are the prime factors of 1350311882?
2, 675155941
What are the prime factors of 195778488?
2, 3, 257, 31741
What are the prime factors of 3544621858?
2, 1772310929
What are the prime factors of 5570506950?
2, 3, 5, 829, 44797
List the prime factors of 24240009.
3, 97, 83299
List the prime factors of 5930455690.
2, 5, 593045569
List the prime factors of 162369885.
3, 5, 73, 79, 1877
What are the prime factors of 1968939442?
2, 984469721
What are the prime factors of 33538904?
2, 7, 59, 10151
What are the prime factors of 3116897766?
2, 3, 2969, 19441
What are the prime factors of 2271853538?
2, 31, 36642799
List the prime factors of 992168531.
992168531
List the prime factors of 228735498.
2, 3, 157, 242819
What are the prime factors of 33870098?
2, 457, 37057
List the prime factors of 1339857211.
7, 11, 17400743
What are the prime factors of 5621725?
5, 224869
What are the prime factors of 8545105221?
3, 2848368407
List the prime factors of 2940652.
2, 11, 13, 53, 97
List the prime factors of 93205639.
43, 2167573
List the prime factors of 173840046.
2, 3, 797, 36353
What are the prime factors of 443297190?
2, 3, 5, 7, 29, 83, 877
What are the prime factors of 3019261184?
2, 79, 337, 443
What are the prime factors of 1906685218?
2, 17, 56078977
What are the prime factors of 116379975?
3, 5, 1551733
List the prime factors of 59146614.
2, 3, 3285923
What are the prime factors of 22709841?
3, 7, 11, 17, 5783
What are the prime factors of 236039382?
2, 3, 541, 24239
What are the prime factors of 2413245858?
2, 3, 89, 167, 27061
What are the prime factors of 67844172?
2, 3, 11, 433, 1187
What are the prime factors of 68266258?
2, 37, 922517
List the prime factors of 2679969109.
43, 647, 96329
List the prime factors of 173265072.
2, 3, 23, 156943
What are the prime factors of 12353167?
457, 27031
What are the prime factors of 720381615?
3, 5, 577, 83233
What are the prime factors of 1760322486?
2, 3, 13, 22568237
What are the prime factors of 77988659?
7, 11141237
List the prime factors of 100565704.
2, 37, 339749
What are the prime factors of 1424749950?
2, 3, 5, 13, 23, 10589
What are the prime factors of 37683112?
2, 1117, 4217
What are the prime factors of 202913008?
2, 19, 667477
List the prime factors of 3005848.
2, 73, 5147
List the prime factors of 193079104.
2, 71, 42491
List the prime factors of 412951875.
3, 5, 7, 73, 431
What are the prime factors of 10219947?
3, 41, 83089
What are the prime factors of 172098338?
2, 86049169
List the prime factors of 133602778.
2, 66801389
List the prime factors of 39392119.
13, 3030163
List the prime factors of 266874750.
2, 3, 5, 23, 191
List the prime factors of 13680763.
379, 36097
What are the prime factors of 3759804984?
2, 3, 13, 137, 87961
What are the prime factors of 549286895?
5, 109857379
What are the prime factors of 1498250356?
2, 374562589
What are the prime factors of 1404689260?
2, 5, 13, 17, 199, 1597
List the prime factors of 473543766.
2, 3, 607, 14447
List the prime factors of 463227754.
2, 11, 21055807
List the prime factors of 49119478.
2, 1993, 12323
List the prime factors of 475253398.
2, 237626699
List the prime factors of 14755077.
3, 19, 86287
What are the prime factors of 93152038?
2, 7, 950531
What are the prime factors of 73678913?
7, 11, 23, 41603
What are the prime factors of 916866731?
11, 431, 17581
List the prime factors of 95149523.